{"id":1408,"date":"2024-10-27T13:56:50","date_gmt":"2024-10-27T11:56:50","guid":{"rendered":"https:\/\/www.charlottefalchdesign.dk\/?page_id=1408"},"modified":"2024-10-29T21:26:32","modified_gmt":"2024-10-29T19:26:32","slug":"htv-til-stof-varmeoverfoersel","status":"publish","type":"page","link":"https:\/\/www.charlottefalchdesign.dk\/index.php\/htv-til-stof-varmeoverfoersel\/","title":{"rendered":"HTV til stof (varmeoverf\u00f8rsel)"},"content":{"rendered":"\n<p>HTV-folie kan p\u00e5s\u00e6ttes alle typer stof, der kan t\u00e5le temperaturen. Der kr\u00e6ves over 120 grader celsius for at smelte folien fast p\u00e5 stoffet\/l\u00e6deret, som udsk\u00e6res p\u00e5 en plotter. <\/p>\n\n\n\n<p>Motiver\/tekst\/tal sk\u00e6res i \u00e9n farve som udgangspunkt. Flerfarvede motiver afregnes generelt som 1 motiv pr. farve, men tilbud gives gerne, inden endelig priss\u00e6tning.<\/p>\n\n\n\n<p>HTV findes i alm. traditionel farveskala (blanke og matte), men kan ogs\u00e5 f\u00e5s i glitter-, regnbue-, &#8220;puf-up-&#8220;, refleksversioner, mv.<\/p>\n\n\n\n<p>Det er meget sv\u00e6rt at give generelle priser, da hvert enkelt motivs detaljegrad og areal spiller ind. Der er dog nogle generelle bud p\u00e5 siden <a href=\"https:\/\/www.charlottefalchdesign.dk\/index.php\/prisliste-t-shirts-og-hoodies-pr-nov-2024\/\">Prisliste \u2013 t-shirts og hoodies<\/a> i menuen<\/p>\n\n\n\n<p>Jeg kan producere de udsk\u00e5rne motiver, s\u00e5 kunder selv kan p\u00e5s\u00e6tte dem. Det er meget tro mod tidens \u00e5nd med <span style=\"text-decoration: underline\">upcycling<\/span> af t\u00f8j, man har i forvejen. (<a href=\"https:\/\/www.charlottefalchdesign.dk\/index.php\/t-shirts-og-hoodies\/\">Kort vejledning i varmeoverf\u00f8rselsteknikken<\/a>.)<\/p>\n\n\n\n<p>Man kan ogs\u00e5 v\u00e6lge at k\u00f8be et komplet stykke t\u00f8j med f\u00e6rdigt tryk. (Se priseksempler p\u00e5 <a href=\"https:\/\/www.charlottefalchdesign.dk\/index.php\/prisliste-t-shirts-og-hoodies-pr-nov-2024\/\">Prisliste \u2013 t-shirts og hoodies<\/a> i menuen)<\/p>\n\n\n\n<p>Produktionsteknikken, ved udsk\u00e6ring\/plotting, er den samme, som bruges til <a href=\"https:\/\/www.charlottefalchdesign.dk\/index.php\/oracals-vinyl-folie-og-stickers-klistermaerker\/\">Oracals<\/a> til faste, glatte overflader.<\/p>\n\n\n\n<p>Skriv gerne dine \u00f8nsker til mig p\u00e5 mail:<a href=\"mailto:info@charlottefalchdesign.dk\"> info@charlottefalchdesign.dk<\/a><\/p>\n","protected":false},"excerpt":{"rendered":"<p>HTV-folie kan p\u00e5s\u00e6ttes alle typer stof, der kan t\u00e5le temperaturen. Der kr\u00e6ves over 120 grader celsius for at smelte folien fast p\u00e5 stoffet\/l\u00e6deret, som udsk\u00e6res&hellip;<\/p>\n","protected":false},"author":1,"featured_media":0,"parent":0,"menu_order":0,"comment_status":"closed","ping_status":"closed","template":"","meta":{"footnotes":""},"class_list":["post-1408","page","type-page","status-publish","hentry"],"yoast_head":"<!-- This site is optimized with the Yoast SEO plugin v21.4 - https:\/\/yoast.com\/wordpress\/plugins\/seo\/ -->\n<title>HTV til stof (varmeoverf\u00f8rsel) - Charlotte Falch Design<\/title>\n<meta name=\"robots\" content=\"index, follow, max-snippet:-1, max-image-preview:large, max-video-preview:-1\" \/>\n<link rel=\"canonical\" href=\"https:\/\/www.charlottefalchdesign.dk\/index.php\/htv-til-stof-varmeoverfoersel\/\" \/>\n<meta property=\"og:locale\" content=\"da_DK\" \/>\n<meta property=\"og:type\" content=\"article\" \/>\n<meta property=\"og:title\" content=\"HTV til stof (varmeoverf\u00f8rsel) - Charlotte Falch Design\" \/>\n<meta property=\"og:description\" content=\"HTV-folie kan p\u00e5s\u00e6ttes alle typer stof, der kan t\u00e5le temperaturen. Der kr\u00e6ves over 120 grader celsius for at smelte folien fast p\u00e5 stoffet\/l\u00e6deret, som udsk\u00e6res&hellip;\" \/>\n<meta property=\"og:url\" content=\"https:\/\/www.charlottefalchdesign.dk\/index.php\/htv-til-stof-varmeoverfoersel\/\" \/>\n<meta property=\"og:site_name\" content=\"Charlotte Falch Design\" \/>\n<meta property=\"article:publisher\" content=\"https:\/\/www.facebook.com\/charlottefalchdesign\" \/>\n<meta property=\"article:modified_time\" content=\"2024-10-29T19:26:32+00:00\" \/>\n<meta name=\"twitter:card\" content=\"summary_large_image\" \/>\n<meta name=\"twitter:label1\" content=\"Estimeret l\u00e6setid\" \/>\n\t<meta name=\"twitter:data1\" content=\"1 minut\" \/>\n<script type=\"application\/ld+json\" class=\"yoast-schema-graph\">{\"@context\":\"https:\/\/schema.org\",\"@graph\":[{\"@type\":\"WebPage\",\"@id\":\"https:\/\/www.charlottefalchdesign.dk\/index.php\/htv-til-stof-varmeoverfoersel\/\",\"url\":\"https:\/\/www.charlottefalchdesign.dk\/index.php\/htv-til-stof-varmeoverfoersel\/\",\"name\":\"HTV til stof (varmeoverf\u00f8rsel) - Charlotte Falch Design\",\"isPartOf\":{\"@id\":\"https:\/\/www.charlottefalchdesign.dk\/#website\"},\"datePublished\":\"2024-10-27T11:56:50+00:00\",\"dateModified\":\"2024-10-29T19:26:32+00:00\",\"breadcrumb\":{\"@id\":\"https:\/\/www.charlottefalchdesign.dk\/index.php\/htv-til-stof-varmeoverfoersel\/#breadcrumb\"},\"inLanguage\":\"da-DK\",\"potentialAction\":[{\"@type\":\"ReadAction\",\"target\":[\"https:\/\/www.charlottefalchdesign.dk\/index.php\/htv-til-stof-varmeoverfoersel\/\"]}]},{\"@type\":\"BreadcrumbList\",\"@id\":\"https:\/\/www.charlottefalchdesign.dk\/index.php\/htv-til-stof-varmeoverfoersel\/#breadcrumb\",\"itemListElement\":[{\"@type\":\"ListItem\",\"position\":1,\"name\":\"Hjem\",\"item\":\"https:\/\/www.charlottefalchdesign.dk\/\"},{\"@type\":\"ListItem\",\"position\":2,\"name\":\"HTV til stof (varmeoverf\u00f8rsel)\"}]},{\"@type\":\"WebSite\",\"@id\":\"https:\/\/www.charlottefalchdesign.dk\/#website\",\"url\":\"https:\/\/www.charlottefalchdesign.dk\/\",\"name\":\"Charlotte Falch Design\",\"description\":\"Tryk og print - unikt, personligt - og reklame til sm\u00e5 virksomheder\",\"publisher\":{\"@id\":\"https:\/\/www.charlottefalchdesign.dk\/#organization\"},\"potentialAction\":[{\"@type\":\"SearchAction\",\"target\":{\"@type\":\"EntryPoint\",\"urlTemplate\":\"https:\/\/www.charlottefalchdesign.dk\/?s={search_term_string}\"},\"query-input\":\"required name=search_term_string\"}],\"inLanguage\":\"da-DK\"},{\"@type\":\"Organization\",\"@id\":\"https:\/\/www.charlottefalchdesign.dk\/#organization\",\"name\":\"Charlotte Falch Design\",\"url\":\"https:\/\/www.charlottefalchdesign.dk\/\",\"logo\":{\"@type\":\"ImageObject\",\"inLanguage\":\"da-DK\",\"@id\":\"https:\/\/www.charlottefalchdesign.dk\/#\/schema\/logo\/image\/\",\"url\":\"https:\/\/www.charlottefalchdesign.dk\/wp-content\/uploads\/2023\/10\/cropped-IMG_1130-2-scaled-2.jpeg\",\"contentUrl\":\"https:\/\/www.charlottefalchdesign.dk\/wp-content\/uploads\/2023\/10\/cropped-IMG_1130-2-scaled-2.jpeg\",\"width\":1919,\"height\":1919,\"caption\":\"Charlotte Falch Design\"},\"image\":{\"@id\":\"https:\/\/www.charlottefalchdesign.dk\/#\/schema\/logo\/image\/\"},\"sameAs\":[\"https:\/\/www.facebook.com\/charlottefalchdesign\"]}]}<\/script>\n<!-- \/ Yoast SEO plugin. -->","yoast_head_json":{"title":"HTV til stof (varmeoverf\u00f8rsel) - Charlotte Falch Design","robots":{"index":"index","follow":"follow","max-snippet":"max-snippet:-1","max-image-preview":"max-image-preview:large","max-video-preview":"max-video-preview:-1"},"canonical":"https:\/\/www.charlottefalchdesign.dk\/index.php\/htv-til-stof-varmeoverfoersel\/","og_locale":"da_DK","og_type":"article","og_title":"HTV til stof (varmeoverf\u00f8rsel) - Charlotte Falch Design","og_description":"HTV-folie kan p\u00e5s\u00e6ttes alle typer stof, der kan t\u00e5le temperaturen. Der kr\u00e6ves over 120 grader celsius for at smelte folien fast p\u00e5 stoffet\/l\u00e6deret, som udsk\u00e6res&hellip;","og_url":"https:\/\/www.charlottefalchdesign.dk\/index.php\/htv-til-stof-varmeoverfoersel\/","og_site_name":"Charlotte Falch Design","article_publisher":"https:\/\/www.facebook.com\/charlottefalchdesign","article_modified_time":"2024-10-29T19:26:32+00:00","twitter_card":"summary_large_image","twitter_misc":{"Estimeret l\u00e6setid":"1 minut"},"schema":{"@context":"https:\/\/schema.org","@graph":[{"@type":"WebPage","@id":"https:\/\/www.charlottefalchdesign.dk\/index.php\/htv-til-stof-varmeoverfoersel\/","url":"https:\/\/www.charlottefalchdesign.dk\/index.php\/htv-til-stof-varmeoverfoersel\/","name":"HTV til stof (varmeoverf\u00f8rsel) - Charlotte Falch Design","isPartOf":{"@id":"https:\/\/www.charlottefalchdesign.dk\/#website"},"datePublished":"2024-10-27T11:56:50+00:00","dateModified":"2024-10-29T19:26:32+00:00","breadcrumb":{"@id":"https:\/\/www.charlottefalchdesign.dk\/index.php\/htv-til-stof-varmeoverfoersel\/#breadcrumb"},"inLanguage":"da-DK","potentialAction":[{"@type":"ReadAction","target":["https:\/\/www.charlottefalchdesign.dk\/index.php\/htv-til-stof-varmeoverfoersel\/"]}]},{"@type":"BreadcrumbList","@id":"https:\/\/www.charlottefalchdesign.dk\/index.php\/htv-til-stof-varmeoverfoersel\/#breadcrumb","itemListElement":[{"@type":"ListItem","position":1,"name":"Hjem","item":"https:\/\/www.charlottefalchdesign.dk\/"},{"@type":"ListItem","position":2,"name":"HTV til stof (varmeoverf\u00f8rsel)"}]},{"@type":"WebSite","@id":"https:\/\/www.charlottefalchdesign.dk\/#website","url":"https:\/\/www.charlottefalchdesign.dk\/","name":"Charlotte Falch Design","description":"Tryk og print - unikt, personligt - og reklame til sm\u00e5 virksomheder","publisher":{"@id":"https:\/\/www.charlottefalchdesign.dk\/#organization"},"potentialAction":[{"@type":"SearchAction","target":{"@type":"EntryPoint","urlTemplate":"https:\/\/www.charlottefalchdesign.dk\/?s={search_term_string}"},"query-input":"required name=search_term_string"}],"inLanguage":"da-DK"},{"@type":"Organization","@id":"https:\/\/www.charlottefalchdesign.dk\/#organization","name":"Charlotte Falch Design","url":"https:\/\/www.charlottefalchdesign.dk\/","logo":{"@type":"ImageObject","inLanguage":"da-DK","@id":"https:\/\/www.charlottefalchdesign.dk\/#\/schema\/logo\/image\/","url":"https:\/\/www.charlottefalchdesign.dk\/wp-content\/uploads\/2023\/10\/cropped-IMG_1130-2-scaled-2.jpeg","contentUrl":"https:\/\/www.charlottefalchdesign.dk\/wp-content\/uploads\/2023\/10\/cropped-IMG_1130-2-scaled-2.jpeg","width":1919,"height":1919,"caption":"Charlotte Falch Design"},"image":{"@id":"https:\/\/www.charlottefalchdesign.dk\/#\/schema\/logo\/image\/"},"sameAs":["https:\/\/www.facebook.com\/charlottefalchdesign"]}]}},"jetpack_sharing_enabled":true,"_links":{"self":[{"href":"https:\/\/www.charlottefalchdesign.dk\/index.php\/wp-json\/wp\/v2\/pages\/1408","targetHints":{"allow":["GET"]}}],"collection":[{"href":"https:\/\/www.charlottefalchdesign.dk\/index.php\/wp-json\/wp\/v2\/pages"}],"about":[{"href":"https:\/\/www.charlottefalchdesign.dk\/index.php\/wp-json\/wp\/v2\/types\/page"}],"author":[{"embeddable":true,"href":"https:\/\/www.charlottefalchdesign.dk\/index.php\/wp-json\/wp\/v2\/users\/1"}],"replies":[{"embeddable":true,"href":"https:\/\/www.charlottefalchdesign.dk\/index.php\/wp-json\/wp\/v2\/comments?post=1408"}],"version-history":[{"count":8,"href":"https:\/\/www.charlottefalchdesign.dk\/index.php\/wp-json\/wp\/v2\/pages\/1408\/revisions"}],"predecessor-version":[{"id":1468,"href":"https:\/\/www.charlottefalchdesign.dk\/index.php\/wp-json\/wp\/v2\/pages\/1408\/revisions\/1468"}],"wp:attachment":[{"href":"https:\/\/www.charlottefalchdesign.dk\/index.php\/wp-json\/wp\/v2\/media?parent=1408"}],"curies":[{"name":"wp","href":"https:\/\/api.w.org\/{rel}","templated":true}]}}