{"id":1482,"date":"2024-10-29T22:34:46","date_gmt":"2024-10-29T20:34:46","guid":{"rendered":"https:\/\/www.charlottefalchdesign.dk\/index.php\/print-paa-storformat-papir-canvas-bannere-og-stickers-bl-a-til-skilte-eller-biler\/"},"modified":"2024-10-29T22:36:23","modified_gmt":"2024-10-29T20:36:23","slug":"print-paa-storformat-papir-canvas-bannere-og-stickers-bl-a-til-skilte-eller-biler","status":"publish","type":"page","link":"https:\/\/www.charlottefalchdesign.dk\/index.php\/print-paa-storformat-papir-canvas-bannere-og-stickers-bl-a-til-skilte-eller-biler\/","title":{"rendered":"Print p\u00e5 storformat &#8211; papir, canvas, bannere og stickers (bl.a. til skilte eller biler)"},"content":{"rendered":"\n<p>Jeg printer p\u00e5 ruller op til 60 cm i bredde. Dvs. op til A1 eller s\u00e5 langt som du \u00f8nsker.<\/p>\n\n\n\n<p>Der er mulighed for plakater og fotoprint til b\u00e5de privat og firmabrug.<\/p>\n\n\n\n<p>Jeg har kvaliteter til udend\u00f8rs og indend\u00f8rs brug med uv- og vejrbestandigt bl\u00e6k.<\/p>\n\n\n\n<p>Skriv til <a href=\"mailto:%20info@charlottefalchdesign.dk\">info@charlottefalchdesign.dk<\/a> med dine \u00f8nsker, s\u00e5 vi kan finde den rigtige l\u00f8sning.<\/p>\n","protected":false},"excerpt":{"rendered":"<p>Jeg printer p\u00e5 ruller op til 60 cm i bredde. Dvs. op til A1 eller s\u00e5 langt som du \u00f8nsker. Der er mulighed for plakater&hellip;<\/p>\n","protected":false},"author":1,"featured_media":0,"parent":0,"menu_order":0,"comment_status":"closed","ping_status":"closed","template":"","meta":{"footnotes":""},"class_list":["post-1482","page","type-page","status-publish","hentry"],"yoast_head":"<!-- This site is optimized with the Yoast SEO plugin v21.4 - https:\/\/yoast.com\/wordpress\/plugins\/seo\/ -->\n<title>Print p\u00e5 storformat - papir, canvas, bannere og stickers (bl.a. til skilte eller biler) - Charlotte Falch Design<\/title>\n<meta name=\"robots\" content=\"index, follow, max-snippet:-1, max-image-preview:large, max-video-preview:-1\" \/>\n<link rel=\"canonical\" href=\"https:\/\/www.charlottefalchdesign.dk\/index.php\/print-paa-storformat-papir-canvas-bannere-og-stickers-bl-a-til-skilte-eller-biler\/\" \/>\n<meta property=\"og:locale\" content=\"da_DK\" \/>\n<meta property=\"og:type\" content=\"article\" \/>\n<meta property=\"og:title\" content=\"Print p\u00e5 storformat - papir, canvas, bannere og stickers (bl.a. til skilte eller biler) - Charlotte Falch Design\" \/>\n<meta property=\"og:description\" content=\"Jeg printer p\u00e5 ruller op til 60 cm i bredde. Dvs. op til A1 eller s\u00e5 langt som du \u00f8nsker. Der er mulighed for plakater&hellip;\" \/>\n<meta property=\"og:url\" content=\"https:\/\/www.charlottefalchdesign.dk\/index.php\/print-paa-storformat-papir-canvas-bannere-og-stickers-bl-a-til-skilte-eller-biler\/\" \/>\n<meta property=\"og:site_name\" content=\"Charlotte Falch Design\" \/>\n<meta property=\"article:publisher\" content=\"https:\/\/www.facebook.com\/charlottefalchdesign\" \/>\n<meta property=\"article:modified_time\" content=\"2024-10-29T20:36:23+00:00\" \/>\n<meta name=\"twitter:card\" content=\"summary_large_image\" \/>\n<script type=\"application\/ld+json\" class=\"yoast-schema-graph\">{\"@context\":\"https:\/\/schema.org\",\"@graph\":[{\"@type\":\"WebPage\",\"@id\":\"https:\/\/www.charlottefalchdesign.dk\/index.php\/print-paa-storformat-papir-canvas-bannere-og-stickers-bl-a-til-skilte-eller-biler\/\",\"url\":\"https:\/\/www.charlottefalchdesign.dk\/index.php\/print-paa-storformat-papir-canvas-bannere-og-stickers-bl-a-til-skilte-eller-biler\/\",\"name\":\"Print p\u00e5 storformat - papir, canvas, bannere og stickers (bl.a. til skilte eller biler) - Charlotte Falch Design\",\"isPartOf\":{\"@id\":\"https:\/\/www.charlottefalchdesign.dk\/#website\"},\"datePublished\":\"2024-10-29T20:34:46+00:00\",\"dateModified\":\"2024-10-29T20:36:23+00:00\",\"breadcrumb\":{\"@id\":\"https:\/\/www.charlottefalchdesign.dk\/index.php\/print-paa-storformat-papir-canvas-bannere-og-stickers-bl-a-til-skilte-eller-biler\/#breadcrumb\"},\"inLanguage\":\"da-DK\",\"potentialAction\":[{\"@type\":\"ReadAction\",\"target\":[\"https:\/\/www.charlottefalchdesign.dk\/index.php\/print-paa-storformat-papir-canvas-bannere-og-stickers-bl-a-til-skilte-eller-biler\/\"]}]},{\"@type\":\"BreadcrumbList\",\"@id\":\"https:\/\/www.charlottefalchdesign.dk\/index.php\/print-paa-storformat-papir-canvas-bannere-og-stickers-bl-a-til-skilte-eller-biler\/#breadcrumb\",\"itemListElement\":[{\"@type\":\"ListItem\",\"position\":1,\"name\":\"Hjem\",\"item\":\"https:\/\/www.charlottefalchdesign.dk\/\"},{\"@type\":\"ListItem\",\"position\":2,\"name\":\"Print p\u00e5 storformat &#8211; papir, canvas, bannere og stickers (bl.a. til skilte eller biler)\"}]},{\"@type\":\"WebSite\",\"@id\":\"https:\/\/www.charlottefalchdesign.dk\/#website\",\"url\":\"https:\/\/www.charlottefalchdesign.dk\/\",\"name\":\"Charlotte Falch Design\",\"description\":\"Tryk og print - unikt, personligt - og reklame til sm\u00e5 virksomheder\",\"publisher\":{\"@id\":\"https:\/\/www.charlottefalchdesign.dk\/#organization\"},\"potentialAction\":[{\"@type\":\"SearchAction\",\"target\":{\"@type\":\"EntryPoint\",\"urlTemplate\":\"https:\/\/www.charlottefalchdesign.dk\/?s={search_term_string}\"},\"query-input\":\"required name=search_term_string\"}],\"inLanguage\":\"da-DK\"},{\"@type\":\"Organization\",\"@id\":\"https:\/\/www.charlottefalchdesign.dk\/#organization\",\"name\":\"Charlotte Falch Design\",\"url\":\"https:\/\/www.charlottefalchdesign.dk\/\",\"logo\":{\"@type\":\"ImageObject\",\"inLanguage\":\"da-DK\",\"@id\":\"https:\/\/www.charlottefalchdesign.dk\/#\/schema\/logo\/image\/\",\"url\":\"https:\/\/www.charlottefalchdesign.dk\/wp-content\/uploads\/2023\/10\/cropped-IMG_1130-2-scaled-2.jpeg\",\"contentUrl\":\"https:\/\/www.charlottefalchdesign.dk\/wp-content\/uploads\/2023\/10\/cropped-IMG_1130-2-scaled-2.jpeg\",\"width\":1919,\"height\":1919,\"caption\":\"Charlotte Falch Design\"},\"image\":{\"@id\":\"https:\/\/www.charlottefalchdesign.dk\/#\/schema\/logo\/image\/\"},\"sameAs\":[\"https:\/\/www.facebook.com\/charlottefalchdesign\"]}]}<\/script>\n<!-- \/ Yoast SEO plugin. -->","yoast_head_json":{"title":"Print p\u00e5 storformat - papir, canvas, bannere og stickers (bl.a. til skilte eller biler) - Charlotte Falch Design","robots":{"index":"index","follow":"follow","max-snippet":"max-snippet:-1","max-image-preview":"max-image-preview:large","max-video-preview":"max-video-preview:-1"},"canonical":"https:\/\/www.charlottefalchdesign.dk\/index.php\/print-paa-storformat-papir-canvas-bannere-og-stickers-bl-a-til-skilte-eller-biler\/","og_locale":"da_DK","og_type":"article","og_title":"Print p\u00e5 storformat - papir, canvas, bannere og stickers (bl.a. til skilte eller biler) - Charlotte Falch Design","og_description":"Jeg printer p\u00e5 ruller op til 60 cm i bredde. Dvs. op til A1 eller s\u00e5 langt som du \u00f8nsker. Der er mulighed for plakater&hellip;","og_url":"https:\/\/www.charlottefalchdesign.dk\/index.php\/print-paa-storformat-papir-canvas-bannere-og-stickers-bl-a-til-skilte-eller-biler\/","og_site_name":"Charlotte Falch Design","article_publisher":"https:\/\/www.facebook.com\/charlottefalchdesign","article_modified_time":"2024-10-29T20:36:23+00:00","twitter_card":"summary_large_image","schema":{"@context":"https:\/\/schema.org","@graph":[{"@type":"WebPage","@id":"https:\/\/www.charlottefalchdesign.dk\/index.php\/print-paa-storformat-papir-canvas-bannere-og-stickers-bl-a-til-skilte-eller-biler\/","url":"https:\/\/www.charlottefalchdesign.dk\/index.php\/print-paa-storformat-papir-canvas-bannere-og-stickers-bl-a-til-skilte-eller-biler\/","name":"Print p\u00e5 storformat - papir, canvas, bannere og stickers (bl.a. til skilte eller biler) - Charlotte Falch Design","isPartOf":{"@id":"https:\/\/www.charlottefalchdesign.dk\/#website"},"datePublished":"2024-10-29T20:34:46+00:00","dateModified":"2024-10-29T20:36:23+00:00","breadcrumb":{"@id":"https:\/\/www.charlottefalchdesign.dk\/index.php\/print-paa-storformat-papir-canvas-bannere-og-stickers-bl-a-til-skilte-eller-biler\/#breadcrumb"},"inLanguage":"da-DK","potentialAction":[{"@type":"ReadAction","target":["https:\/\/www.charlottefalchdesign.dk\/index.php\/print-paa-storformat-papir-canvas-bannere-og-stickers-bl-a-til-skilte-eller-biler\/"]}]},{"@type":"BreadcrumbList","@id":"https:\/\/www.charlottefalchdesign.dk\/index.php\/print-paa-storformat-papir-canvas-bannere-og-stickers-bl-a-til-skilte-eller-biler\/#breadcrumb","itemListElement":[{"@type":"ListItem","position":1,"name":"Hjem","item":"https:\/\/www.charlottefalchdesign.dk\/"},{"@type":"ListItem","position":2,"name":"Print p\u00e5 storformat &#8211; papir, canvas, bannere og stickers (bl.a. til skilte eller biler)"}]},{"@type":"WebSite","@id":"https:\/\/www.charlottefalchdesign.dk\/#website","url":"https:\/\/www.charlottefalchdesign.dk\/","name":"Charlotte Falch Design","description":"Tryk og print - unikt, personligt - og reklame til sm\u00e5 virksomheder","publisher":{"@id":"https:\/\/www.charlottefalchdesign.dk\/#organization"},"potentialAction":[{"@type":"SearchAction","target":{"@type":"EntryPoint","urlTemplate":"https:\/\/www.charlottefalchdesign.dk\/?s={search_term_string}"},"query-input":"required name=search_term_string"}],"inLanguage":"da-DK"},{"@type":"Organization","@id":"https:\/\/www.charlottefalchdesign.dk\/#organization","name":"Charlotte Falch Design","url":"https:\/\/www.charlottefalchdesign.dk\/","logo":{"@type":"ImageObject","inLanguage":"da-DK","@id":"https:\/\/www.charlottefalchdesign.dk\/#\/schema\/logo\/image\/","url":"https:\/\/www.charlottefalchdesign.dk\/wp-content\/uploads\/2023\/10\/cropped-IMG_1130-2-scaled-2.jpeg","contentUrl":"https:\/\/www.charlottefalchdesign.dk\/wp-content\/uploads\/2023\/10\/cropped-IMG_1130-2-scaled-2.jpeg","width":1919,"height":1919,"caption":"Charlotte Falch Design"},"image":{"@id":"https:\/\/www.charlottefalchdesign.dk\/#\/schema\/logo\/image\/"},"sameAs":["https:\/\/www.facebook.com\/charlottefalchdesign"]}]}},"jetpack_sharing_enabled":true,"_links":{"self":[{"href":"https:\/\/www.charlottefalchdesign.dk\/index.php\/wp-json\/wp\/v2\/pages\/1482","targetHints":{"allow":["GET"]}}],"collection":[{"href":"https:\/\/www.charlottefalchdesign.dk\/index.php\/wp-json\/wp\/v2\/pages"}],"about":[{"href":"https:\/\/www.charlottefalchdesign.dk\/index.php\/wp-json\/wp\/v2\/types\/page"}],"author":[{"embeddable":true,"href":"https:\/\/www.charlottefalchdesign.dk\/index.php\/wp-json\/wp\/v2\/users\/1"}],"replies":[{"embeddable":true,"href":"https:\/\/www.charlottefalchdesign.dk\/index.php\/wp-json\/wp\/v2\/comments?post=1482"}],"version-history":[{"count":1,"href":"https:\/\/www.charlottefalchdesign.dk\/index.php\/wp-json\/wp\/v2\/pages\/1482\/revisions"}],"predecessor-version":[{"id":1484,"href":"https:\/\/www.charlottefalchdesign.dk\/index.php\/wp-json\/wp\/v2\/pages\/1482\/revisions\/1484"}],"wp:attachment":[{"href":"https:\/\/www.charlottefalchdesign.dk\/index.php\/wp-json\/wp\/v2\/media?parent=1482"}],"curies":[{"name":"wp","href":"https:\/\/api.w.org\/{rel}","templated":true}]}}